 d and 5?
5
Let k(o) = -o**3 - 31*o**2 - o - 20. Let p be k(-31). Calculate the greatest common divisor of 77 and p.
11
Suppose 4*f = 5*r - 0*r, -2*r + 33 = 5*f. Let p = r + -8. Let k be 0 - (2 - (-232)/p). Calculate the greatest common factor of k and 14.
14
Let i(c) = c**2 + 3*c - 2. Let d be i(4). Suppose -3*j - 130 = 2*j. Let y be j/(3*(-4)/18). Calculate the greatest common divisor of y and d.
13
Suppose -287 = 2*d - 25. Let x = 194 + d. Suppose -6*t + 2*t + 2*h + 28 = 0, 5*t - 65 = -5*h. What is the greatest common factor of t and x?
9
Let y(t) = -7*t + 88. Let b be y(10). Calculate the greatest common divisor of b and 198.
18
Suppose -i = 5*k - 2*k + 114, 0 = 2*i - 3*k + 264. Let m be i/(-18)*(-12)/(-14). Let x be ((-1)/2)/(-1)*30. Calculate the greatest common factor of m and x.
3
Suppose -y - 2*d + 14 = 0, 4*y + 2*d - 102 = -y. Calculate the highest common divisor of 11 and y.
11
Suppose -y = -4, -3*z - y + 64 = -z. Suppose 0*v - 8 = -2*v, 5*v + z = 2*x. Let i = 23 + x. Calculate the greatest common divisor of 120 and i.
24
Suppose 0 = 2*n + b - 64, -3*n - 149*b + 150*b = -86. Calculate the greatest common divisor of n and 1470.
30
Let h = -174 - -198. What is the highest common divisor of h and 40?
8
Let d = 1372 + -713. Let y = d + -120. What is the greatest common factor of y and 49?
49
Let u be 0/(-4) - -40 - -2. Let g be (-6470)/(-40) - 2/(-8). Let z = g - u. Calculate the greatest common divisor of z and 48.
24
Let m be ((-7 + (5 - 0))*2)/(1/(-3)). Suppose 0 = d - 2*d + 132. What is the highest common factor of m and d?
12
Let l = 6 + 17. Let a = l + -5. What is the highest common divisor of 162 and a?
18
Suppose -84*g - 47*g = -4192. Calculate the highest common divisor of 2592 and g.
32
Let b = 390 + 5. Calculate the greatest common factor of b and 25.
5
Let h = -25 + 59. Let i = 1229 + -1178. Calculate the highest common factor of h and i.
17
Let c(h) = -3*h + 22 + 7*h - 7*h. Let o be c(5). Calculate the greatest common factor of o and 7.
7
Suppose -3*h + 8 = -10. Let p(s) = 78*s**3 + 8*s**2 - 39*s**3 - 40*s**3 - 3*s - 4 - 1. Let y be p(h). What is the highest common factor of y and 7?
7
Suppose 3*q + 5*f - 58 = 4*f, 3*f = 5*q - 106. Let d = 485 + -245. Suppose 0 = -0*a - 4*a + d. What is the greatest common divisor of q and a?
20
Suppose 1979 = 12*a + 71. What is the highest common divisor of 53 and a?
53
Let i(u) = 2*u**2 + 47*u + 213. Let j be i(-19). What is the highest common divisor of j and 189?
21
Suppose 0 = 5*b + 5*i - 15, -4*i = -3*b - 2*i - 6. Suppose -5*a - 10 = b, -a - 19 = -4*x + 47. Calculate the highest common factor of x and 32.
16
Let l be (0/(-1))/((2 - 11)/(-3)). Let w = -1 - -1. Suppose -2*j + l*j + 18 = w. What is the greatest common divisor of 27 and j?
9
Let k(v) = -v**3 - 5*v**2 - 5*v - 3. Let x be k(-3). Let c(y) = y + 11. Let b be c(x). What is the highest common divisor of 25 and b?
5
Let h be (-91)/(-4) + (-2)/(-8). Let s = 33 - h. Let g be s*(-3 - 17/(-5)). Calculate the highest common divisor of 32 and g.
4
Suppose k + 4*k = -4*n + 391, 3*n + 4*k - 294 = 0. What is the highest common factor of n and 2068?
94
Let r(q) = q**2 - 13*q - 2. Let s(l) = 18*l - 3. Let f be s(1). Let d be r(f). What is the greatest common divisor of 42 and d?
14
Suppose 3*r + 3*y = 39, 2*r - 23 = r + y. Calculate the greatest common divisor of r and 162.
18
Let m = -28 - -27. Let k = 7 + m. Let o(j) = j**3 + 8*j**2 - 8*j - 10. Let c be o(-8). Calculate the highest common divisor of c and k.
6
Let r = 36 - 27. Let d be 188/14 + r/(-21). Calculate the highest common factor of d and 104.
13
Let s(d) = 274*d - 48. Let g be s(2). Calculate the greatest common divisor of g and 20.
20
Suppose -16*t + 20*t - 1300 = 0. Let c = t + -172. What is the highest common factor of c and 17?
17
Let q(g) = -g**3 - g**2 + 3*g - 4. Let h(m) = -m**3 - 3*m**2 + m + 3. Let j be h(-2). Let z be q(j). What is the highest common factor of 10 and z?
5
Suppose -204 = 2*v + 4*v. Let z be v*(7/2)/(-7). Suppose -4*r + 0*r + 272 = 0. Calculate the greatest common divisor of r and z.
17
Let r be 652/18 + (-80)/120 + (-12)/(-27). Let d(f) = 27*f. Let o be d(2). What is the greatest common factor of o and r?
18
Let o(f) = -2*f**2 + 21*f - 7. Let s be o(15). Let i = s - -212. What is the highest common factor of i and 105?
35
Let v be -2 + 6*2/4. Let i be v/((-4)/(1 + 3)). Let y be i + ((-1)/(-1) - -36). What is the highest common divisor of 54 and y?
18
Suppose 92*a - 2136 = -70*a + 456. Suppose -4*f + 6*i = 4*i - 14, -3*i = -f + 11. Suppose 0 = f*n - 11 - 5. What is the highest common factor of a and n?
8
Let o be (-1 - 3) + (-1 - 3). Let c = o + 16. Calculate the greatest common factor of c and 8.
8
Let h(x) = -6*x + 14. Let l be h(2). Suppose -2*f = -9 + 3. What is the highest common divisor of f and l?
1
Suppose 0 = -2*h - 2*n + 5272, 7*n - 3*n + 7943 = 3*h. What is the greatest common factor of h and 139?
139
Let a(c) = -2*c**3 - 5*c**2 - 3. Let g be a(-4). Let m = g - -15. What is the highest common factor of 40 and m?
20
Let k(j) = 65*j**2 - 5*j - 11. Let o(q) = -16*q**2 + q + 3. Let f(g) = -2*k(g) - 9*o(g). Let h be f(-2). What is the highest common factor of h and 7?
7
Suppose -5*h + 2*x + 50 = -216, 0 = h - 4*x - 64. Let y(v) = 129*v**2 - 4*v + 5. Let w be y(1). Calculate the greatest common factor of w and h.
26
Let f = 58 - 56. Suppose -3*b + 21 = 2*c - 14, -2*c + 30 = -f*b. Let d = -12 + 52. What is the highest common divisor of d and c?
8
Suppose 5*i + 15 = 5*p, -14 = p - 5*p + 3*i. Let g be (-43)/(-2) + 2/4. Suppose -2*a - l = l - g, -4 = -4*l. Calculate the highest common factor of p and a.
5
Suppose 0 = 4*b - 3*b - 4*w - 108, 2 = -2*w. Let k = 149 - b. Calculate the greatest common divisor of 18 and k.
9
Let k be 31 + 3 + (-3 + 2 - 0). Calculate the greatest common divisor of k and 297.
33
Suppose -9*a - 16 = -a. Let n be (-1)/(a/(-18)*-1). Suppose -2*t - 2*t + 5*c = -160, 172 = 4*t - 2*c. What is the greatest common factor of n and t?
9
Let r = -18 + 22. Let l be (-7)/3*(r + -7). Calculate the greatest common divisor of 35 and l.
7
Suppose -2*i + y = -265, -i + 529 = 3*i - y. Calculate the greatest common factor of 99 and i.
33
Suppose -r - 3*y - 2 = -104, 3*r = 4*y + 319. Calculate the greatest common divisor of 378 and r.
21
Let p(h) = -h**3 - 17*h**2 - 15*h + 236. Let y be p(-15). Calculate the greatest common factor of y and 847.
11
Let m(u) = -3*u + 122. Let f be m(10). What is the highest common divisor of f and 506?
46
Let b(m) = -m**2 - 5*m + 9. Let u be (-2)/3*(-27)/(-18) + -5. Let k be b(u). What is the highest common divisor of k and 2?
1
Suppose y - 3*f + 224 - 479 = 0, 4*f = -4. Calculate the greatest common factor of y and 360.
36
Let z(n) = -15*n - 385. Let c be z(-29). Calculate the highest common divisor of c and 50.
50
Let s(t) = -t**2 + 0*t**2 - 139*t + 137*t + 8*t**3. Suppose -2*y = 4*a + 2, -2*a + 3*y = 2*y - 9. Let w be s(a). What is the highest common factor of w and 7?
7
Let j = -118 - -139. Calculate the highest common divisor of j and 21.
21
Let n be (-7)/(35/(-2)) - (-98622)/45. What is the highest common factor of n and 16?
16
Let o(p) = -p**2 - 8*p - 8. Let s be o(-6). Suppose k - 62 = -s*g, k - g - 97 = -k. What is the highest common divisor of 75 and k?
25
Suppose -153 = 2*r + r. Let u = r - -94. Suppose 2*n - 5*p - 86 = 0, 0 = n + 3*n + 4*p - 172. Calculate the highest common factor of u and n.
43
Let s = 801 + -785. Calculate the highest common factor of s and 18.
2
Suppose -4 = 4*t, 0 = y + 2*y - 2*t - 11. Suppose 6*q - y*q = 150. Suppose -z + 5 = 0, -2*u + 7*u + 2*z = q. What is the highest common divisor of u and 24?
8
Let a = 640 + -552. What is the highest common factor of a and 748?
44
Suppose x = 2 + 3. Suppose 22 + 13 = x*u. Calculate the highest common factor of 7 and u.
7
Let g(p) = -4*p + 531. Let c be g(53). Calculate the highest common factor of c and 11.
11
Let d(l) be the third derivative of 7*l**5/15 + l**4/24 - l**3/3 - 25*l**2. Let p be d(1). What is the highest common divisor of p and 216?
27
Let d be ((-4)/(-3))/(2/15 - 0). Suppose -d*g + 3*g = -77. Calculate the highest common divisor of g and 1.
1
Let w(j) = j**3 - 41*j**2 + 49*j - 104. Let r be w(40). What is the highest common